4185
In base 7, what is -1261623 - 3?
-1261626
In base 3, what is 11 - -10000022?
10000110
In base 6, what is -43 + -2401?
-2444
In base 2, what is 111101 + 10011111110000111?
10011111111000100
In base 7, what is -1 + 61252?
61251
In base 4, what is -11012 - -3?
-11003
In base 12, what is -46a6 - -1?
-46a5
In base 9, what is -3106 + -47?
-3154
In base 15, what is 0 + -3a29?
-3a29
In base 15, what is ce2d - 3?
ce2a
In base 5, what is 4 + -113142044?
-113142040
In base 14, what is -47188 + -1b?
-471a5
In base 15, what is -3ca26c + 5?
-3ca267
In base 16, what is -d66a + -3?
-d66d
In base 16, what is 398be - -4?
398c2
In base 10, what is 832 - -44?
876
In base 8, what is 2 + -6107411?
-6107407
In base 12, what is -a421 - -3?
-a41a
In base 9, what is 268 + -210?
58
In base 14, what is 8921 + 1?
8922
In base 10, what is -578910 + 5?
-578905
In base 13, what is -4 + -19468?
-1946c
In base 10, what is 73 - -3042?
3115
In base 14, what is 1 - -200217?
200218
In base 10, what is -4 - -6778?
6774
In base 15, what is d65 + 8?
d6d
In base 4, what is 2 + -3020332?
-3020330
In base 16, what is -4e2583 + 4?
-4e257f
In base 14, what is 6 - -2897?
289d
In base 10, what is 2490 + -24?
2466
In base 8, what is -27 + -2573?
-2622
In base 12, what is -5026 - 21?
-5047
In base 10, what is -3 + 6980?
6977
In base 11, what is 3a14a6 + 5?
3a1500
In base 12, what is -47 - 43b?
-486
In base 16, what is -e - 107d?
-108b
In base 9, what is 3054 + -250?
2704
In base 2, what is -10010110111 + -101?
-10010111100
In base 7, what is 10415 + 1115?
11533
In base 5, what is -4133331 - 4?
-4133340
In base 3, what is -1 - -221211012?
221211011
In base 9, what is 1 + -2538?
-2537
In base 15, what is 79 - -3a?
b4
In base 6, what is -4 - 310332?
-310340
In base 3, what is -2 - 1212210100?
-1212210102
In base 14, what is 1b75 + -72?
1b03
In base 3, what is 110212122112 + 12?
110212122201
In base 16, what is 188 + -c?
17c
In base 11, what is -215352 - 2?
-215354
In base 12, what is 5867 - 264?
5603
In base 13, what is -11742 + -1?
-11743
In base 8, what is -264 - -721?
435
In base 12, what is 2b62 - -14?
2b76
In base 14, what is 40 - 2d5?
-295
In base 2, what is 10 - 1010000011?
-1010000001
In base 13, what is -34466 + -1?
-34467
In base 9, what is 14086 + 0?
14086
In base 4, what is 23021 - 1333?
21022
In base 6, what is -1533 + 105?
-1424
In base 7, what is 1542 + -1204?
335
In base 14, what is b1 + -100?
-2d
In base 4, what is 3002301302 + 10?
3002301312
In base 14, what is -8075 + -1a0?
-8235
In base 8, what is -2 + -1231613?
-1231615
In base 14, what is -160 + -53?
-1b3
In base 8, what is -10 + -10776?
-11006
In base 7, what is -141664 - 351?
-142345
In base 2, what is 11000110111101 - 11?
11000110111010
In base 9, what is -18 + 6241?
6222
In base 10, what is 9 - -11761?
11770
In base 3, what is 110210 + -212?
102221
In base 13, what is 5 + -b80a?
-b805
In base 16, what is 339 - -26?
35f
In base 11, what is -526a - -5?
-5265
In base 3, what is -120100 + -12220?
-210020
In base 14, what is -da9 + 4?
-da5
In base 5, what is 0 - 33314400?
-33314400
In base 9, what is 5 - 1042?
-1036
In base 8, what is -1055 + -1432?
-2507
In base 14, what is -7b84 - -3?
-7b81
In base 3, what is -20000221 - 122211?
-20200202
In base 11, what is -5 - -8169?
8164
In base 7, what is -53160 - 33?
-53223
In base 8, what is -3312 - 17?
-3331
In base 15, what is -9 - 328?
-332
In base 16, what is 69 + 659?
6c2
In base 16, what is -4 - 2cd8c?
-2cd90
In base 3, what is -202020221121 + -2?
-202020221200
In base 13, what is -14a9 + -c?
-14b8
In base 12, what is -19a13 - 36?
-19a49
In base 13, what is 38cb + 2?
3900
In base 13, what is cb - -8ac8?
8bc6
In base 2, what is 100011001100001 + 1111011?
100011011011100
In base 15, what is 2 + -d6e1?
-d6de
In base 13, what is 0 + -93235?
-93235
In base 4, what is 22021 + 23?
22110
In base 12, what is -13020 - 98?
-130b8
In base 11, what is 19273 - 3?
19270
In base 9, what is -67474 - -3?
-67471
In base 15, what is 5175 - -6?
517b
In base 10, what is -26 - -73007?
72981
In base 2, what is 11100010110101111 + -1011?
11100010110100100
In base 6, what is 2 + -255011?
-255005
In base 8, what is -6 + -46374?
-46402
In base 6, what is -115 - 20550?
-21105
In base 15, what is a + 229?
234
In base 10, what is -2 + 16435?
16433
In base 4, what is -110 - -23103?
22333
In base 4, what is 1 + -3030113?
-3030112
In base 6, what is 123 - -40?
203
In base 8, what is -6 + 6034?
6026
In base 15, what is -58 - -22c?
1c4
In base 12, what is 5 - -169825?
16982a
In base 9, what is -100670 + -32?
-100712
In base 10, what is -2 + -122154?
-122156
In base 15, what is 17ac + d2?
188e
In base 14, what is 5a856 - 0?
5a856
In base 14, what is -5 - -9da3d?
9da38
In base 4, what is -12 + 312313?
312301
In base 9, what is 1 + 126301?
126302
In base 13, what is -61c2 - 8a?
-627c
In base 5, what is 10200340 + -4?
10200331
In base 7, what is -4 + -12642?
-12646
In base 12, what is -847 - -26?
-821
In base 13, what is 55327a - 0?
55327a
In base 10, what is 731 - -1661?
2392
In base 4, what is -10033 + 110012?
33313
In base 3, what is 2002110001 - -12?
2002110020
In base 5, what is 4200140 + -12?
4200123
In base 10, what is 1933 - 121?
1812
In base 14, what is -6b5 + -5?
-6ba
In base 2, what is -1001101 + -100100100110011?
-100100110000000
In base 13, what is -46b7c + -2?
-46b81
In base 13, what is -456 + 4a?
-409
In base 4, what is -11233 - -1001?
-10232
In base 3, what is -1221 + 1121002?
1112011
In base 6, what is 2404021 + -4?
2404013
In base 8, what is 506 - 2462?
-1754
In base 6, what is 14 + 15110341?
15110355
In base 12, what is 0 + -7a54?
-7a54
In base 11, what is -2829975 + -4?
-2829979
In base 5, what is -123 + -420222?
-420400
In base 13, what is -14 - 191c1?
-19205
In base 4, what is 123213 + 3202?
133021
In base 15, what is -284 - -8?
-27b
In base 9, what is -354 - -124?
-230
In base 15, what is -377ce + 5?
-377c9
In base 6, what is 2 - -10100223?
10100225
In base 4, what is -1033321222 - 0?
-1033321222
In base 16, what is -1 - 196f4?
-196f5
In base 6, what is 3513100 + 2?
3513102
In base 14, what is 2b101 + 1?
2b102
In base 14, what is -2 - -1186a5?
1186a3
In base 11, what is 1 + -20033?
-20032
In base 2, what is 10100011000111111000001 + 10?
10100011000111111000011
In base 15, what is -47 - -144?
ec
In base 6, what is -4 - 2203353?
-2203401
In base 15, what is -431 + 2e4?
-13c
In base 7, what is -1256641 + 20?
-1256621
In base 3, what is -100010110 + 102?
-100010001
In base 3, what is -200000111 + -1121?
-200002002
In base 14, what is 58610 + 5?
58615
In base 11, what is 218348 - -5?
218352
In base 13, what is 11cc1cc + 5?
11cc204
In base 6, what is 32 - -241?
313
In base 13, what is 858 - 3?
855
In base 7, what is 4 - 12506?
-12502
In base 3, what is 11210100 - 112220?
11020110
In base 4, what is 12220332 - 211?
12220121
In base 3, what is -1121100201200 - -10?
-1121100201120
In base 11, what is 66 + 7529?
7594
In base 11, what is a05786 - -3?
a05789
In base 14, what is -4b45b + 1?
-4b45a
In base 5, what is 12 + -12400302?
-12400240
In base 12, what is 27 + -820?
-7b5
In base 9, what is -5 - -131550?
131544
In base 13, what is -5214 + 1?
-5213
In base 11, what is 403a2 + -2?
403a0
In base 4, what is -111 + 31122100?
31121323
In base 7, what is -3653365 - -5?
-3653360
In base 15, what is -298d + -4?
-2992
In base 3, what is -2 - -10121202?
10121200
In base 6, what is -104 + -13502?
-14010
In base 11, what is a354 - -4?
a358
In base 2, what is 1110 + 1010001000100?
1010001010010
In base 12, what is 4 - 12b417?
-12b413
In base 15, what is -5 + -4d4d4?
-4d4d9
In base 14, what is -6 + -3784?
-378a
In base 10, what is -15685 + -3?
-15688
In base 7, what is 12165 - 36?
12126
In base 14, what is 76 - -bd75?
c00b
In base 13, what is a + 36637?
36644
In base 10, what is 2 - -1621698?
1621700
In base 9, what is -355 - 664?
-1130
In base 4, what is 112 + 1320101?
1320213
In base 2, what is -1101100 - 100101111011?
-100111100111
In base 10, what is -5 + -38020?
-38025
In base 14, what is 518 - -24a?
764
In base 9, what is 205 + 151?
356
In base 13, what is b4016 - 3?
b4013
In base 5, what is -34440 - -10031?
-24404
In base 11, what is -15473 - 18?
-15490
In base 13, what is 27 - -17c38?
17c62
In base